3*t**2 + 946*t - 279. Give d(-73).
-60
Let d(c) = -94*c + 1833. Give d(21).
-141
Let n(y) = 53*y - 291. Determine n(6).
27
Let y(r) = r**2 - 7244*r + 9. Give y(0).
9
Let n(c) = -10*c**2 + 100*c + 16. Give n(10).
16
Let n(f) = f**2 + 23*f + 24. What is n(-20)?
-36
Let t(l) = -2*l**3 + 11*l**2 + 41*l - 133. What is t(4)?
79
Let s(f) = -5053*f + 40372. Calculate s(8).
-52
Let m(h) = 15*h**2 + 2118*h + 397. Determine m(-141).
-26
Let d(v) = -2*v**3 + 4*v**2 + 16*v + 5. What is d(0)?
5
Let h(q) = q**2 + 7*q - 83. Determine h(-21).
211
Let a(c) = -c**3 + 7*c**2 - 42*c + 173. Give a(5).
13
Let m(n) = -98*n**2 - 4213*n - 25. Give m(-43).
-68
Let q(m) = -7*m + 76. Determine q(8).
20
Let c(m) = 245*m + 16678. Give c(-68).
18
Let i(z) = 4*z**3 - 123*z**2 - 27*z - 147. Calculate i(31).
-23
Let s(a) = -a**3 - 13*a**2 + 39*a - 26. Calculate s(3).
-53
Let h(c) = -c**3 + 19*c**2 + 399*c + 497. Give h(32).
-47
Let p(o) = -145*o - 580. Determine p(-4).
0
Let t(k) = 206*k - 7419. What is t(37)?
203
Let f(w) = -68*w - 1707. Determine f(-25).
-7
Let q(a) = 14*a**2 + 148*a + 15. What is q(-11)?
81
Let k(v) = v**3 - 9*v**2 - 159*v - 48. Give k(18).
6
Let p(x) = 40*x - 335. Calculate p(9).
25
Let i(t) = 200*t - 21818. Determine i(109).
-18
Let b(i) = -113*i + 34. What is b(-2)?
260
Let g(w) = -w**3 - 6*w**2 + 2*w + 13. Give g(-7).
48
Let l(f) = -5*f**3 + 3*f**2 - 5*f - 21. Give l(-2).
41
Let f(y) = 9*y**2 - 3*y - 79. Give f(0).
-79
Let t(j) = j**3 - 2*j**2 - 111*j + 28. Determine t(12).
136
Let j(k) = 11*k**2 - 216*k + 98. Determine j(17).
-395
Let y(s) = 78*s + 7157. Determine y(-92).
-19
Let y(a) = a**3 - 24*a**2 - 18*a - 834. Calculate y(26).
50
Let x(c) = -12*c**2 - 535*c - 311. Calculate x(-44).
-3
Let l(p) = -p**2 - 1355*p + 40132. Determine l(29).
-4
Let w(l) = -l**3 - 13*l**2 + l + 10. Give w(-13).
-3
Let h(w) = -7*w**2 - 51*w + 171. What is h(-13)?
-349
Let p(t) = 2*t**2 + 82*t + 774. What is p(-23)?
-54
Let u(j) = 554*j**2 + 40*j + 41. Determine u(-1).
555
Let u(o) = -o**2 + 24*o + 308. Determine u(33).
11
Let t(k) = 46*k**2 - 197*k + 51. Give t(4).
-1
Let m(t) = 41*t**2 + 969*t - 367. Determine m(-24).
-7
Let l(k) = -201*k - 9859. Calculate l(-49).
-10
Let s(n) = -n**3 - 20*n**2 - 131*n + 102. Give s(-10).
412
Let i(u) = -u**2 - 30*u - 95. Calculate i(-15).
130
Let k(c) = -74*c**2 - 420*c + 32. Determine k(-6).
-112
Let i(v) = -22*v**2 + 717*v + 1438. Determine i(-2).
-84
Let i(f) = -f**3 + 26*f**2 - 52*f - 134. What is i(4)?
10
Let z(x) = x**3 + 5*x**2 + x - 5. Give z(-4).
7
Let a(p) = -29*p + 49. Calculate a(4).
-67
Let v(p) = -19*p**3 - 75*p**2 - p + 4. Determine v(-4).
24
Let h(i) = -1467*i - 14632. Determine h(-10).
38
Let c(v) = 218*v - 4350. Give c(20).
10
Let p(o) = -31*o + 29. Calculate p(0).
29
Let v(j) = -j**3 - 41*j**2 + 30*j - 370. Determine v(-42).
134
Let w(g) = -187*g + 1393. Give w(8).
-103
Let u(b) = 18*b - 440. Calculate u(24).
-8
Let n(v) = -78*v - 57. Calculate n(-8).
567
Let p(d) = d**2 + 17*d - 334. Calculate p(-29).
14
Let l(o) = -o**3 + 29*o**2 - 57*o + 44. Calculate l(27).
-37
Let y(t) = 14*t**2 + 1093*t + 93. What is y(-78)?
15
Let p(u) = -2*u**3 + 213*u**2 + 325*u + 114. Calculate p(108).
222
Let f(b) = -b**3 + 29*b**2 + 95*b + 1. Give f(32).
-31
Let h(f) = 2*f**2 - 11*f + 10. Calculate h(14).
248
Let j(l) = -344*l - 501. Determine j(-2).
187
Let m(y) = 8*y + 522. Give m(-53).
98
Let z(v) = v**3 + 9*v**2 + 3*v + 67. Calculate z(-9).
40
Let w(q) = 7*q**2 + 367*q - 210. Calculate w(-53).
2
Let d(h) = 9*h**2 + 165*h + 745. Determine d(-10).
-5
Let r(b) = 17*b - 178. Determine r(12).
26
Let h(p) = 141*p**2 - 170*p + 169. Calculate h(1).
140
Let l(f) = 2*f**2 - 103*f + 596. Calculate l(45).
11
Let p(l) = -66*l**3 - l**2 + 4*l - 3. What is p(1)?
-66
Let p(r) = -r**3 + 3*r**2 + 96*r - 432. Calculate p(5).
-2
Let p(h) = -h**3 + 14*h**2 - 58*h + 168. What is p(10)?
-12
Let z(l) = -5*l**3 + 2*l**2 - 17*l + 17. What is z(1)?
-3
Let v(y) = -191*y**2 + 1888*y + 224. What is v(10)?
4
Let n(t) = -t**3 + t**2 + 16*t + 5. What is n(3)?
35
Let o(c) = -c**3 - 15*c**2 - 27*c + 59. Give o(-12).
-49
Let x(l) = 20*l - 468. Give x(11).
-248
Let k(z) = -z**3 + 14*z**2 - 4*z. Calculate k(14).
-56
Let c(x) = -91*x**2 - 1730*x - 10. Determine c(-19).
9
Let z(p) = -p**3 + 33*p**2 + 27*p + 53. What is z(34)?
-185
Let u(s) = -s**3 + 41*s**2 + 513*s - 60. Calculate u(51).
93
Let k(o) = -2*o**3 - 17*o**2 + 3*o - 7. Give k(-8).
-95
Let k(t) = t**3 - 7*t**2 - 39*t - 200. What is k(12)?
52
Let s(u) = -3*u**3 - 268*u**2 - 83*u + 533. Give s(-89).
-1
Let b(o) = o**3 - 11*o**2 + 3*o + 110. Determine b(7).
-65
Let t(l) = 78*l + 3512. Determine t(-45).
2
Let t(l) = -46*l - 1976. What is t(-43)?
2
Let r(p) = -3*p**3 - 20*p**2 - 16*p - 10. Give r(-6).
14
Let a(s) = s**2 + 29*s - 28. Calculate a(-31).
34
Let s(y) = y**3 + 55*y**2 + 12*y - 2118. What is s(-54)?
150
Let q(i) = 8*i**2 - 64*i + 118. Calculate q(3).
-2
Let t(i) = 55*i + 210. Calculate t(5).
485
Let h(r) = -r**3 + 27*r**2 + 63*r - 131. Determine h(29).
14
Let b(c) = -212*c + 106. Calculate b(2).
-318
Let c(w) = -2*w**3 + 74*w**2 + 157*w - 60. Give c(39).
-21
Let l(f) = 519*f + 4146. What is l(-8)?
-6
Let u(m) = 4*m**3 + 67*m**2 - 95*m - 13. Calculate u(-18).
77
Let i(m) = -54*m - 81. Give i(9).
-567
Let v(c) = -c**3 + 6*c**2 + 14*c - 35. Calculate v(10).
-295
Let i(b) = -b**2 - 1881*b - 9391. Calculate i(-5).
-11
Let h(l) = -86*l**2 - 399*l - 215. Give h(-4).
5
Let f(m) = -26*m + 2389. Give f(92).
-3
Let v(z) = 94*z + 108. Calculate v(-6).
-456
Let x(h) = -h**3 + 2*h**2 - 18*h + 37. What is x(2)?
1
Let q(z) = 53*z + 275. What is q(-6)?
-43
Let n(l) = -37*l + 28. Give n(4).
-120
Let k(o) = -7*o**2 - 64*o + 2. Give k(-1).
59
Let r(t) = 80*t + 125. Determine r(-7).
-435
Let p(s) = -514*s - 37023. Calculate p(-72).
-15
Let v(z) = 17*z - 1128. Determine v(53).
-227
Let u(v) = 122*v + 4894. Give u(-40).
14
Let h(i) = i**2 - 42*i - 6800. Give h(106).
-16
Let l(v) = 6*v**3 - 7*v**2 - 29*v - 59. Calculate l(-3).
-197
Let k(j) = -1381*j - 8281. Determine k(-6).
5
Let r(j) = -28*j**2 + 113*j + 16. What is r(4)?
20
Let d(h) = -150*h + 17098. Determine d(114).
-2
Let f(w) = w**2 + 58*w + 674. What is f(-43)?
29
Let i(o) = 3*o**3 + 292*o**2 + 662*o - 282. Determine i(-95).
3
Let u(q) = q**3 - 29*q**2 - 206*q + 17. Give u(-6).
-7
Let z(y) = 214*y + 49. What is z(0)?
49
Let q(c) = -c**3 + c**2 + 12*c - 26. Give q(4).
-26
Let l(i) = -6*i**3 - i**2 - 10*i + 9. What is l(3)?
-192
Let a(g) = -49*g - 368. Determine a(7).
-711
Let q(t) = 3*t + 264. What is q(-47)?
123
Let h(t) = -77*t + 1109. Calculate h(14).
31
Let c(j) = 2*j**3 - 41*j**2 + 167*j + 43. Give c(6).
1
Let c(a) = -99*a + 2174. Give c(22).
-4
Let k(c) = -2*c**3 - 25*c**2 - 54*c - 55. What is k(-10)?
-15
Let f(x) = -21*x**3 - 3*x**2 - 22*x - 53. Give f(-2).
147
Let t(n) = 2*n**2 - n - 95. Give t(-8).
41
Let x(l) = l**3 - 4*l**2 - 32*l + 12. Give x(-4).
12
Let u(i) = 72*i - 157. Calculate u(4).
131
Let t(i) = -148*i - 1495. Give t(-10).
-15
Let n(w) = 19*w + 1129. Calculate n(-20).
749
Let w(g) = -5*g**3 - 8*g**2 - 12*g - 11. What is w(4)?
-507
Let n(v) = 2*v**3 - 6*v**2 + 48*v - 167. What is n(5)?
173
Let t(i) = -54*i - 409. Calculate t(-8).
23
Let f(q) = q**3 + 14*q**2 + 51*q + 719. Calculate f(-14).
5
Let p(o) = 42*o**2 + 5*o + 4. Calculate p(-1).
41
Let h(c) = -3*c**2 + 4*c + 7. Calculate h(4).
-25
Let b(q) = -66*q + 190. Calculate b(3).
-8
Let f(b) = -b**2 - 16*b + 306. Determine f(11).
9
Let d(p) = -290*p - 23. Give d(0).
-23
Let b(j) = -13828*j + 96806. Calculate b(7).
10
Let u(f) = 2*f**2 + 192*f - 14986. Give u(-147).
8
Let z(b) = 341*b + 902. Give z(-4).
-462
Let n(k) = -10*k**2 + 76*k - 144. Give n(2).
-32
Let t(y) = 832*y**2 - 4989*y + 15. Give t(6).
33
Let g(z) = 296*z**2 - 1189*z + 15. Determine g(4).
-5
Let f(i) = i**3 - 29*i**2 - 184*i - 921. Determine f(35).
-11
Let v(w) = -2*w**2 - 1353*w + 5438. Determine v(4).
-6
Let x(o) = -o**2 + 50*o + 337. Give x(-6).
1
Let b(u) = -103*u - 53. What is b(-1)?
50
Let p(r) = -r**3 - 8*r**2 - 15*r - 19. Calculate p(-9).
197
Let p(h) = -42*h - 259. What is p(-6)?
-7
Let v(s) = -2506*s - 20061. Give v(-8).
-13
Let v(o) = -149*o + 938. Determine v(0).
938
Let i(c) = -13*c**2 + 7*c - 10. What is i(1)?
-16
Let z(x) = -